Last updated on 2025-05-25 04:50:31 CEST.
Flavor | Version | Tinstall | Tcheck | Ttotal | Status | Flags |
---|---|---|---|---|---|---|
r-devel-linux-x86_64-debian-clang | 1.4.99 | 11.27 | 96.71 | 107.98 | NOTE | |
r-devel-linux-x86_64-debian-gcc | 1.4.99 | 6.47 | 68.61 | 75.08 | NOTE | |
r-devel-linux-x86_64-fedora-clang | 1.4.99 | 165.81 | NOTE | |||
r-devel-linux-x86_64-fedora-gcc | 1.4.99 | 171.00 | NOTE | |||
r-devel-windows-x86_64 | 1.4.99 | 11.00 | 226.00 | 237.00 | NOTE | |
r-patched-linux-x86_64 | 1.4.99 | 12.01 | 89.48 | 101.49 | NOTE | |
r-release-linux-x86_64 | 1.4.99 | 10.75 | 89.06 | 99.81 | NOTE | |
r-release-macos-arm64 | 1.4.99 | 71.00 | NOTE | |||
r-release-macos-x86_64 | 1.4.99 | 153.00 | NOTE | |||
r-release-windows-x86_64 | 1.4.99 | 12.00 | 127.00 | 139.00 | NOTE | |
r-oldrel-macos-arm64 | 1.4.99 | 117.00 | NOTE | |||
r-oldrel-macos-x86_64 | 1.4.99 | 95.00 | NOTE | |||
r-oldrel-windows-x86_64 | 1.4.99 | 15.00 | 154.00 | 169.00 | NOTE |
Version: 1.4.99
Check: Rd files
Result: NOTE
checkRd: (-1) ex.Rd:20: Lost braces
20 | Execute a ops-dag using `code{wrap()}` data as values.
| ^
checkRd: (-1) sql_node.Rd:29: Lost braces; missing escapes or markup?
29 | \item{expand_braces}{logical if TRUE use {col} notation to ensure {col} is a column name.}
| ^
checkRd: (-1) sql_node.Rd:29: Lost braces; missing escapes or markup?
29 | \item{expand_braces}{logical if TRUE use {col} notation to ensure {col} is a column name.}
| ^
Flavors: r-devel-linux-x86_64-debian-clang, r-devel-linux-x86_64-debian-gcc, r-devel-linux-x86_64-fedora-clang, r-devel-linux-x86_64-fedora-gcc, r-devel-windows-x86_64, r-patched-linux-x86_64, r-release-linux-x86_64, r-release-macos-arm64, r-release-macos-x86_64, r-release-windows-x86_64, r-oldrel-macos-arm64, r-oldrel-macos-x86_64, r-oldrel-windows-x86_64