Last updated on 2025-07-21 23:50:50 CEST.
Flavor | Version | Tinstall | Tcheck | Ttotal | Status | Flags |
---|---|---|---|---|---|---|
r-devel-linux-x86_64-debian-clang | 1.1.7 | 46.15 | 28.33 | 74.48 | NOTE | |
r-devel-linux-x86_64-debian-gcc | 1.1.7 | 36.72 | 23.11 | 59.83 | NOTE | |
r-devel-linux-x86_64-fedora-clang | 1.1.7 | 122.01 | OK | |||
r-devel-linux-x86_64-fedora-gcc | 1.1.7 | 138.75 | OK | |||
r-devel-windows-x86_64 | 1.1.7 | 58.00 | 73.00 | 131.00 | OK | |
r-patched-linux-x86_64 | 1.1.7 | 52.05 | 25.75 | 77.80 | OK | |
r-release-linux-x86_64 | 1.1.7 | 52.18 | 25.79 | 77.97 | OK | |
r-release-macos-arm64 | 1.1.7 | 36.00 | OK | |||
r-release-macos-x86_64 | 1.1.7 | 61.00 | OK | |||
r-release-windows-x86_64 | 1.1.7 | 58.00 | 72.00 | 130.00 | OK | |
r-oldrel-macos-arm64 | 1.1.7 | 27.00 | NOTE | |||
r-oldrel-macos-x86_64 | 1.1.7 | 40.00 | NOTE | |||
r-oldrel-windows-x86_64 | 1.1.7 | 70.00 | 87.00 | 157.00 | NOTE |
Version: 1.1.7
Check: CRAN incoming feasibility
Result: NOTE
Maintainer: ‘Jason Foster <jason.j.foster@gmail.com>’
No Authors@R field in DESCRIPTION.
Please add one, modifying
Authors@R: person(given = "Jason",
family = "Foster",
role = c("aut", "cre"),
email = "jason.j.foster@gmail.com")
as necessary.
Flavors: r-devel-linux-x86_64-debian-clang, r-devel-linux-x86_64-debian-gcc
Version: 1.1.7
Check: installed package size
Result: NOTE
installed size is 6.0Mb
sub-directories of 1Mb or more:
libs 5.5Mb
Flavors: r-oldrel-macos-arm64, r-oldrel-macos-x86_64
Version: 1.1.7
Check: for GNU extensions in Makefiles
Result: NOTE
GNU make is a SystemRequirements.
Flavors: r-oldrel-macos-arm64, r-oldrel-macos-x86_64, r-oldrel-windows-x86_64