Last updated on 2025-07-28 09:50:12 CEST.
Flavor | Version | Tinstall | Tcheck | Ttotal | Status | Flags |
---|---|---|---|---|---|---|
r-devel-linux-x86_64-debian-clang | 0.2.1 | 70.96 | 37.47 | 108.43 | OK | |
r-devel-linux-x86_64-debian-gcc | 0.2.1 | 70.26 | 28.68 | 98.94 | OK | |
r-devel-linux-x86_64-fedora-clang | 0.2.1 | 164.96 | OK | |||
r-devel-linux-x86_64-fedora-gcc | 0.2.1 | 235.49 | OK | |||
r-devel-windows-x86_64 | 0.2.1 | 89.00 | 95.00 | 184.00 | OK | |
r-patched-linux-x86_64 | 0.2.1 | 100.13 | 35.57 | 135.70 | OK | |
r-release-linux-x86_64 | 0.2.1 | 88.93 | 35.62 | 124.55 | OK | |
r-release-macos-arm64 | 0.2.1 | 48.00 | OK | |||
r-release-macos-x86_64 | 0.2.1 | 148.00 | OK | |||
r-release-windows-x86_64 | 0.2.1 | 82.00 | 89.00 | 171.00 | OK | |
r-oldrel-macos-arm64 | 0.2.1 | 49.00 | NOTE | |||
r-oldrel-macos-x86_64 | 0.2.1 | 96.00 | NOTE | |||
r-oldrel-windows-x86_64 | 0.2.1 | 93.00 | 108.00 | 201.00 | NOTE |
Version: 0.2.1
Check: installed package size
Result: NOTE
installed size is 19.2Mb
sub-directories of 1Mb or more:
lemon 2.8Mb
libs 16.1Mb
Flavors: r-oldrel-macos-arm64, r-oldrel-macos-x86_64, r-oldrel-windows-x86_64