Last updated on 2025-07-22 04:50:13 CEST.
Flavor | Version | Tinstall | Tcheck | Ttotal | Status | Flags |
---|---|---|---|---|---|---|
r-devel-linux-x86_64-debian-clang | 2.0.0 | 6.50 | 94.19 | 100.69 | OK | |
r-devel-linux-x86_64-debian-gcc | 2.0.0 | 4.12 | 72.35 | 76.47 | OK | |
r-devel-linux-x86_64-fedora-clang | 2.0.0 | 155.94 | OK | |||
r-devel-linux-x86_64-fedora-gcc | 2.0.0 | 176.04 | NOTE | |||
r-devel-windows-x86_64 | 2.0.0 | 10.00 | 144.00 | 154.00 | OK | |
r-patched-linux-x86_64 | 2.0.0 | 6.67 | 89.11 | 95.78 | OK | |
r-release-linux-x86_64 | 2.0.0 | 6.12 | 88.16 | 94.28 | OK | |
r-release-macos-arm64 | 2.0.0 | 72.00 | OK | |||
r-release-macos-x86_64 | 2.0.0 | 151.00 | OK | |||
r-release-windows-x86_64 | 2.0.0 | 9.00 | 141.00 | 150.00 | OK | |
r-oldrel-macos-arm64 | 2.0.0 | 84.00 | OK | |||
r-oldrel-macos-x86_64 | 2.0.0 | 144.00 | OK | |||
r-oldrel-windows-x86_64 | 2.0.0 | 12.00 | 171.00 | 183.00 | OK |
Version: 2.0.0
Check: for non-standard things in the check directory
Result: NOTE
Found the following files/directories:
‘test.package.0001’ ‘test.package.0005’ ‘test.package.0006’
‘test.package.0009’ ‘test.package.0010’
Flavor: r-devel-linux-x86_64-fedora-gcc