Last updated on 2025-05-28 09:53:09 CEST.
Flavor | Version | Tinstall | Tcheck | Ttotal | Status | Flags |
---|---|---|---|---|---|---|
r-devel-linux-x86_64-debian-clang | 0.1.9 | 6.05 | 57.79 | 63.84 | NOTE | |
r-devel-linux-x86_64-debian-gcc | 0.1.9 | 3.98 | 43.36 | 47.34 | NOTE | |
r-devel-linux-x86_64-fedora-clang | 0.1.9 | 98.13 | OK | |||
r-devel-linux-x86_64-fedora-gcc | 0.1.9 | 112.58 | OK | |||
r-devel-windows-x86_64 | 0.1.9 | 8.00 | 73.00 | 81.00 | NOTE | |
r-patched-linux-x86_64 | 0.1.9 | 5.90 | 53.50 | 59.40 | NOTE | |
r-release-linux-x86_64 | 0.1.9 | 5.12 | 53.11 | 58.23 | NOTE | |
r-release-macos-arm64 | 0.1.9 | 36.00 | OK | |||
r-release-macos-x86_64 | 0.1.9 | 62.00 | OK | |||
r-release-windows-x86_64 | 0.1.9 | 8.00 | 70.00 | 78.00 | NOTE | |
r-oldrel-macos-arm64 | 0.1.9 | 36.00 | OK | |||
r-oldrel-macos-x86_64 | 0.1.9 | 60.00 | OK | |||
r-oldrel-windows-x86_64 | 0.1.9 | 9.00 | 85.00 | 94.00 | OK |
Version: 0.1.9
Check: Rd cross-references
Result: NOTE
Found the following Rd file(s) with Rd \link{} targets missing package
anchors:
inat_map.Rd: map
Please provide package anchors for all Rd \link{} targets not in the
package itself and the base packages.
Flavors: r-devel-linux-x86_64-debian-clang, r-devel-linux-x86_64-debian-gcc, r-devel-windows-x86_64, r-patched-linux-x86_64, r-release-linux-x86_64, r-release-windows-x86_64