CRAN Package Check Results for Package riingo

Last updated on 2025-05-28 17:57:34 CEST.

Flavor Version Tinstall Tcheck Ttotal Status Flags
r-devel-linux-x86_64-debian-clang 0.3.1 3.03 31.71 34.74 OK
r-devel-linux-x86_64-debian-gcc 0.3.1 2.48 24.91 27.39 OK
r-devel-linux-x86_64-fedora-clang 0.3.1 52.78 OK
r-devel-linux-x86_64-fedora-gcc 0.3.1 50.20 OK
r-devel-windows-x86_64 0.3.1 6.00 60.00 66.00 OK
r-patched-linux-x86_64 0.3.1 3.07 29.11 32.18 OK
r-release-linux-x86_64 0.3.1 3.31 28.96 32.27 OK
r-release-macos-arm64 0.3.1 28.00 OK
r-release-macos-x86_64 0.3.1 71.00 OK
r-release-windows-x86_64 0.3.1 5.00 58.00 63.00 OK
r-oldrel-macos-arm64 0.3.1 21.00 NOTE
r-oldrel-macos-x86_64 0.3.1 29.00 NOTE
r-oldrel-windows-x86_64 0.3.1 6.00 64.00 70.00 NOTE

Check Details

Version: 0.3.1
Check: LazyData
Result: NOTE 'LazyData' is specified without a 'data' directory Flavors: r-oldrel-macos-arm64, r-oldrel-macos-x86_64, r-oldrel-windows-x86_64