Last updated on 2025-05-25 23:49:44 CEST.
Flavor | Version | Tinstall | Tcheck | Ttotal | Status | Flags |
---|---|---|---|---|---|---|
r-devel-linux-x86_64-debian-clang | 1.0.1 | 2.37 | 26.63 | 29.00 | OK | |
r-devel-linux-x86_64-debian-gcc | 1.0.1 | 1.87 | 22.29 | 24.16 | OK | |
r-devel-linux-x86_64-fedora-clang | 1.0.1 | 2.18 | ERROR | |||
r-devel-linux-x86_64-fedora-gcc | 1.0.1 | 2.29 | ERROR | |||
r-devel-windows-x86_64 | 1.0.1 | 4.00 | 54.00 | 58.00 | OK | |
r-patched-linux-x86_64 | 1.0.1 | 2.41 | 25.72 | 28.13 | OK | |
r-release-linux-x86_64 | 1.0.1 | 2.76 | 25.92 | 28.68 | OK | |
r-release-macos-arm64 | 1.0.1 | 42.00 | OK | |||
r-release-macos-x86_64 | 1.0.1 | 56.00 | OK | |||
r-release-windows-x86_64 | 1.0.1 | 4.00 | 55.00 | 59.00 | OK | |
r-oldrel-macos-arm64 | 1.0.1 | 25.00 | OK | |||
r-oldrel-macos-x86_64 | 1.0.1 | 34.00 | OK | |||
r-oldrel-windows-x86_64 | 1.0.1 | 4.00 | 57.00 | 61.00 | OK |
Version: 1.0.1
Check: package dependencies
Result: ERROR
Package required but not available: ‘loon’
See section ‘The DESCRIPTION file’ in the ‘Writing R Extensions’
manual.
Flavors: r-devel-linux-x86_64-fedora-clang, r-devel-linux-x86_64-fedora-gcc