Last updated on 2025-07-22 17:50:43 CEST.
Flavor | Version | Tinstall | Tcheck | Ttotal | Status | Flags |
---|---|---|---|---|---|---|
r-devel-linux-x86_64-debian-clang | 0.2.7 | 62.50 | 41.07 | 103.57 | OK | |
r-devel-linux-x86_64-debian-gcc | 0.2.7 | 53.32 | 51.91 | 105.23 | NOTE | |
r-devel-linux-x86_64-fedora-clang | 0.2.7 | 175.24 | OK | |||
r-devel-linux-x86_64-fedora-gcc | 0.2.7 | 206.81 | OK | |||
r-devel-windows-x86_64 | 0.2.7 | 65.00 | 80.00 | 145.00 | OK | |
r-patched-linux-x86_64 | 0.2.7 | 74.24 | 42.80 | 117.04 | OK | |
r-release-linux-x86_64 | 0.2.7 | 69.72 | 40.88 | 110.60 | OK | |
r-release-macos-arm64 | 0.2.7 | 52.00 | OK | |||
r-release-macos-x86_64 | 0.2.7 | 113.00 | OK | |||
r-release-windows-x86_64 | 0.2.7 | 64.00 | 84.00 | 148.00 | OK | |
r-oldrel-macos-arm64 | 0.2.7 | 79.00 | NOTE | |||
r-oldrel-macos-x86_64 | 0.2.7 | 131.00 | NOTE | |||
r-oldrel-windows-x86_64 | 0.2.7 | 80.00 | 101.00 | 181.00 | NOTE |
Version: 0.2.7
Check: re-building of vignette outputs
Result: NOTE
Re-building vignettes had CPU time 3.7 times elapsed time
Flavor: r-devel-linux-x86_64-debian-gcc
Version: 0.2.7
Check: installed package size
Result: NOTE
installed size is 28.6Mb
sub-directories of 1Mb or more:
include 2.4Mb
libs 24.5Mb
models 1.6Mb
Flavors: r-oldrel-macos-arm64, r-oldrel-macos-x86_64, r-oldrel-windows-x86_64