CRAN Package Check Results for Package rematch2

Last updated on 2025-07-21 09:50:03 CEST.

Flavor Version Tinstall Tcheck Ttotal Status Flags
r-devel-linux-x86_64-debian-clang 2.1.2 3.78 34.18 37.96 OK
r-devel-linux-x86_64-debian-gcc 2.1.2 2.58 25.93 28.51 OK
r-devel-linux-x86_64-fedora-clang 2.1.2 56.81 OK
r-devel-linux-x86_64-fedora-gcc 2.1.2 53.21 OK
r-devel-windows-x86_64 2.1.2 4.00 50.00 54.00 OK
r-patched-linux-x86_64 2.1.2 3.34 30.82 34.16 OK
r-release-linux-x86_64 2.1.2 3.47 30.16 33.63 OK
r-release-macos-arm64 2.1.2 27.00 OK
r-release-macos-x86_64 2.1.2 41.00 OK
r-release-windows-x86_64 2.1.2 5.00 54.00 59.00 OK
r-oldrel-macos-arm64 2.1.2 22.00 NOTE
r-oldrel-macos-x86_64 2.1.2 31.00 NOTE
r-oldrel-windows-x86_64 2.1.2 5.00 61.00 66.00 NOTE

Check Details

Version: 2.1.2
Check: LazyData
Result: NOTE 'LazyData' is specified without a 'data' directory Flavors: r-oldrel-macos-arm64, r-oldrel-macos-x86_64, r-oldrel-windows-x86_64