Last updated on 2025-05-28 04:52:26 CEST.
Flavor | Version | Tinstall | Tcheck | Ttotal | Status | Flags |
---|---|---|---|---|---|---|
r-devel-linux-x86_64-debian-clang | 1.0.2 | 109.93 | 47.46 | 157.39 | OK | |
r-devel-linux-x86_64-debian-gcc | 1.0.2 | 69.53 | 36.05 | 105.58 | OK | |
r-devel-linux-x86_64-fedora-clang | 1.0.2 | 309.18 | OK | |||
r-devel-linux-x86_64-fedora-gcc | 1.0.2 | 243.92 | OK | |||
r-devel-windows-x86_64 | 1.0.2 | 123.00 | 90.00 | 213.00 | OK | |
r-patched-linux-x86_64 | 1.0.2 | 99.00 | 45.34 | 144.34 | OK | |
r-release-linux-x86_64 | 1.0.2 | 100.12 | 45.59 | 145.71 | OK | |
r-release-macos-arm64 | 1.0.2 | 56.00 | OK | |||
r-release-macos-x86_64 | 1.0.2 | 77.00 | OK | |||
r-release-windows-x86_64 | 1.0.2 | 121.00 | 85.00 | 206.00 | OK | |
r-oldrel-macos-arm64 | 1.0.2 | 59.00 | NOTE | |||
r-oldrel-macos-x86_64 | 1.0.2 | 132.00 | NOTE | |||
r-oldrel-windows-x86_64 | 1.0.2 | 142.00 | 104.00 | 246.00 | OK |
Version: 1.0.2
Check: installed package size
Result: NOTE
installed size is 7.4Mb
sub-directories of 1Mb or more:
data 2.4Mb
libs 4.9Mb
Flavors: r-oldrel-macos-arm64, r-oldrel-macos-x86_64