CRAN Package Check Results for Package rechonest

Last updated on 2025-05-28 17:57:33 CEST.

Flavor Version Tinstall Tcheck Ttotal Status Flags
r-devel-linux-x86_64-debian-clang 1.2 3.47 29.40 32.87 NOTE
r-devel-linux-x86_64-debian-gcc 1.2 2.45 22.05 24.50 NOTE
r-devel-linux-x86_64-fedora-clang 1.2 54.49 OK
r-devel-linux-x86_64-fedora-gcc 1.2 48.45 OK
r-devel-windows-x86_64 1.2 5.00 54.00 59.00 OK
r-patched-linux-x86_64 1.2 3.46 27.95 31.41 OK
r-release-linux-x86_64 1.2 3.25 28.28 31.53 OK
r-release-macos-arm64 1.2 20.00 OK
r-release-macos-x86_64 1.2 31.00 OK
r-release-windows-x86_64 1.2 6.00 53.00 59.00 OK
r-oldrel-macos-arm64 1.2 20.00 NOTE
r-oldrel-macos-x86_64 1.2 25.00 NOTE
r-oldrel-windows-x86_64 1.2 6.00 58.00 64.00 NOTE

Check Details

Version: 1.2
Check: CRAN incoming feasibility
Result: NOTE Maintainer: ‘Mukul Chaware <mukul.chaware13@gmail.com>’ No Authors@R field in DESCRIPTION. Please add one, modifying Authors@R: person(given = "Mukul", family = "Chaware", role = c("aut", "cre"), email = "mukul.chaware13@gmail.com") as necessary. Flavors: r-devel-linux-x86_64-debian-clang, r-devel-linux-x86_64-debian-gcc

Version: 1.2
Check: LazyData
Result: NOTE 'LazyData' is specified without a 'data' directory Flavors: r-oldrel-macos-arm64, r-oldrel-macos-x86_64, r-oldrel-windows-x86_64