Last updated on 2025-05-28 04:52:26 CEST.
Flavor | Version | Tinstall | Tcheck | Ttotal | Status | Flags |
---|---|---|---|---|---|---|
r-devel-linux-x86_64-debian-clang | 0.1-3 | 1.99 | 23.17 | 25.16 | OK | |
r-devel-linux-x86_64-debian-gcc | 0.1-3 | 1.18 | 19.23 | 20.41 | OK | |
r-devel-linux-x86_64-fedora-clang | 0.1-3 | 40.03 | OK | |||
r-devel-linux-x86_64-fedora-gcc | 0.1-3 | 36.75 | OK | |||
r-devel-windows-x86_64 | 0.1-3 | 4.00 | 54.00 | 58.00 | OK | |
r-patched-linux-x86_64 | 0.1-3 | 2.57 | 21.89 | 24.46 | OK | |
r-release-linux-x86_64 | 0.1-3 | 1.99 | 21.91 | 23.90 | OK | |
r-release-macos-arm64 | 0.1-3 | 22.00 | OK | |||
r-release-macos-x86_64 | 0.1-3 | 28.00 | OK | |||
r-release-windows-x86_64 | 0.1-3 | 4.00 | 55.00 | 59.00 | OK | |
r-oldrel-macos-arm64 | 0.1-3 | 18.00 | NOTE | |||
r-oldrel-macos-x86_64 | 0.1-3 | 24.00 | NOTE | |||
r-oldrel-windows-x86_64 | 0.1-3 | 4.00 | 57.00 | 61.00 | NOTE |
Version: 0.1-3
Check: LazyData
Result: NOTE
'LazyData' is specified without a 'data' directory
Flavors: r-oldrel-macos-arm64, r-oldrel-macos-x86_64, r-oldrel-windows-x86_64