Last updated on 2025-05-24 23:50:23 CEST.
Flavor | Version | Tinstall | Tcheck | Ttotal | Status | Flags |
---|---|---|---|---|---|---|
r-devel-linux-x86_64-debian-clang | 1.1 | 5.91 | 47.04 | 52.95 | NOTE | |
r-devel-linux-x86_64-debian-gcc | 1.2 | 4.44 | 32.43 | 36.87 | OK | |
r-devel-linux-x86_64-fedora-clang | 1.2 | 91.78 | OK | |||
r-devel-linux-x86_64-fedora-gcc | 1.2 | 78.02 | OK | |||
r-devel-windows-x86_64 | 1.1 | 9.00 | 69.00 | 78.00 | OK | |
r-patched-linux-x86_64 | 1.1 | 5.94 | 45.07 | 51.01 | OK | |
r-release-linux-x86_64 | 1.2 | 4.97 | 44.09 | 49.06 | OK | |
r-release-macos-arm64 | 1.2 | 27.00 | OK | |||
r-release-macos-x86_64 | 1.1 | 50.00 | OK | |||
r-release-windows-x86_64 | 1.2 | 8.00 | 73.00 | 81.00 | OK | |
r-oldrel-macos-arm64 | 1.2 | 32.00 | OK | |||
r-oldrel-macos-x86_64 | 1.1 | 39.00 | OK | |||
r-oldrel-windows-x86_64 | 1.2 | 10.00 | 72.00 | 82.00 | OK |
Version: 1.1
Check: CRAN incoming feasibility
Result: NOTE
Maintainer: ‘Gonzalo Vazquez-Bare <gvazquez@econ.ucsb.edu>’
No Authors@R field in DESCRIPTION.
Please add one, modifying
Authors@R: c(person(given = c("Matias", "D."),
family = "Cattaneo",
role = "aut"),
person(given = "Rocio",
family = "Titiunik",
role = "aut"),
person(given = "Gonzalo",
family = "Vazquez-Bare",
role = c("aut", "cre"),
email = "gvazquez@econ.ucsb.edu"))
as necessary.
Flavor: r-devel-linux-x86_64-debian-clang