CRAN Package Check Results for Package rarms

Last updated on 2025-05-28 13:48:35 CEST.

Flavor Version Tinstall Tcheck Ttotal Status Flags
r-devel-linux-x86_64-debian-clang 1.0.0 1.52 16.06 17.58 OK
r-devel-linux-x86_64-debian-gcc 1.0.0 1.30 13.95 15.25 OK
r-devel-linux-x86_64-fedora-clang 1.0.0 27.72 OK
r-devel-linux-x86_64-fedora-gcc 1.0.0 26.66 OK
r-devel-windows-x86_64 1.0.0 2.00 37.00 39.00 OK
r-patched-linux-x86_64 1.0.0 1.58 15.67 17.25 OK
r-release-linux-x86_64 1.0.0 1.57 15.63 17.20 OK
r-release-macos-arm64 1.0.0 14.00 OK
r-release-macos-x86_64 1.0.0 24.00 OK
r-release-windows-x86_64 1.0.0 3.00 40.00 43.00 OK
r-oldrel-macos-arm64 1.0.0 14.00 NOTE
r-oldrel-macos-x86_64 1.0.0 18.00 NOTE
r-oldrel-windows-x86_64 1.0.0 2.00 40.00 42.00 NOTE

Check Details

Version: 1.0.0
Check: LazyData
Result: NOTE 'LazyData' is specified without a 'data' directory Flavors: r-oldrel-macos-arm64, r-oldrel-macos-x86_64, r-oldrel-windows-x86_64