Last updated on 2025-05-25 13:49:52 CEST.
Flavor | Version | Tinstall | Tcheck | Ttotal | Status | Flags |
---|---|---|---|---|---|---|
r-devel-linux-x86_64-debian-clang | 1.0.3 | 8.21 | 70.83 | 79.04 | OK | |
r-devel-linux-x86_64-debian-gcc | 1.0.3 | 6.21 | 52.03 | 58.24 | OK | |
r-devel-linux-x86_64-fedora-clang | 1.0.3 | 123.61 | OK | |||
r-devel-linux-x86_64-fedora-gcc | 1.0.3 | 122.17 | OK | |||
r-devel-windows-x86_64 | 1.0.3 | 10.00 | 108.00 | 118.00 | OK | |
r-patched-linux-x86_64 | 1.0.3 | 9.18 | 67.90 | 77.08 | OK | |
r-release-linux-x86_64 | 1.0.3 | 9.36 | 66.78 | 76.14 | OK | |
r-release-macos-arm64 | 1.0.3 | 33.00 | OK | |||
r-release-macos-x86_64 | 1.0.3 | 78.00 | OK | |||
r-release-windows-x86_64 | 1.0.3 | 11.00 | 80.00 | 91.00 | OK | |
r-oldrel-macos-arm64 | 1.0.3 | 38.00 | NOTE | |||
r-oldrel-macos-x86_64 | 1.0.3 | 89.00 | NOTE | |||
r-oldrel-windows-x86_64 | 1.0.3 | 13.00 | 99.00 | 112.00 | NOTE |
Version: 1.0.3
Check: LazyData
Result: NOTE
'LazyData' is specified without a 'data' directory
Flavors: r-oldrel-macos-arm64, r-oldrel-macos-x86_64, r-oldrel-windows-x86_64