Last updated on 2025-07-16 17:49:36 CEST.
Flavor | Version | Tinstall | Tcheck | Ttotal | Status | Flags |
---|---|---|---|---|---|---|
r-devel-linux-x86_64-debian-clang | 2.5.1 | 31.13 | 192.40 | 223.53 | OK | |
r-devel-linux-x86_64-debian-gcc | 2.5.1 | 19.58 | 130.86 | 150.44 | OK | |
r-devel-linux-x86_64-fedora-clang | 2.5.1 | 361.91 | OK | |||
r-devel-linux-x86_64-fedora-gcc | 2.5.1 | 356.02 | OK | |||
r-devel-windows-x86_64 | 2.5.1 | 31.00 | 186.00 | 217.00 | OK | |
r-patched-linux-x86_64 | 2.5.1 | 33.32 | 181.65 | 214.97 | OK | |
r-release-linux-x86_64 | 2.5.1 | 27.97 | 182.44 | 210.41 | OK | |
r-release-macos-arm64 | 2.5.1 | 97.00 | OK | |||
r-release-macos-x86_64 | 2.5.1 | 164.00 | OK | |||
r-release-windows-x86_64 | 2.5.1 | 30.00 | 185.00 | 215.00 | OK | |
r-oldrel-macos-arm64 | 2.5.1 | 87.00 | NOTE | |||
r-oldrel-macos-x86_64 | 2.5.1 | 203.00 | NOTE | |||
r-oldrel-windows-x86_64 | 2.5.1 | 43.00 | 241.00 | 284.00 | NOTE |
Version: 2.5.1
Check: package dependencies
Result: NOTE
Package suggested but not available for checking: ‘INLA’
Flavors: r-oldrel-macos-arm64, r-oldrel-macos-x86_64
Version: 2.5.1
Check: installed package size
Result: NOTE
installed size is 6.4Mb
sub-directories of 1Mb or more:
R 4.7Mb
help 1.5Mb
Flavors: r-oldrel-macos-arm64, r-oldrel-macos-x86_64, r-oldrel-windows-x86_64