Last updated on 2025-05-24 23:50:22 CEST.
Flavor | Version | Tinstall | Tcheck | Ttotal | Status | Flags |
---|---|---|---|---|---|---|
r-devel-linux-x86_64-debian-clang | 1.0.2 | 11.54 | 126.12 | 137.66 | OK | |
r-devel-linux-x86_64-debian-gcc | 1.0.2 | 6.58 | 85.17 | 91.75 | OK | |
r-devel-linux-x86_64-fedora-clang | 1.0.2 | 203.93 | OK | |||
r-devel-linux-x86_64-fedora-gcc | 1.0.2 | 218.72 | OK | |||
r-devel-windows-x86_64 | 1.0.2 | 13.00 | 128.00 | 141.00 | OK | |
r-patched-linux-x86_64 | 1.0.2 | 11.66 | 112.96 | 124.62 | OK | |
r-release-linux-x86_64 | 1.0.2 | 10.46 | 112.05 | 122.51 | OK | |
r-release-macos-arm64 | 1.0.2 | 68.00 | OK | |||
r-release-macos-x86_64 | 1.0.2 | 125.00 | OK | |||
r-release-windows-x86_64 | 1.0.2 | 11.00 | 122.00 | 133.00 | OK | |
r-oldrel-macos-arm64 | 1.0.2 | 58.00 | NOTE | |||
r-oldrel-macos-x86_64 | 1.0.2 | 109.00 | NOTE | |||
r-oldrel-windows-x86_64 | 1.0.2 | 15.00 | 158.00 | 173.00 | NOTE |
Version: 1.0.2
Check: package dependencies
Result: NOTE
Package suggested but not available for checking: ‘fastshp’
Flavors: r-oldrel-macos-arm64, r-oldrel-macos-x86_64, r-oldrel-windows-x86_64