Last updated on 2025-07-22 13:49:21 CEST.
Flavor | Version | Tinstall | Tcheck | Ttotal | Status | Flags |
---|---|---|---|---|---|---|
r-devel-linux-x86_64-debian-clang | 0.1.14 | 85.98 | 289.16 | 375.14 | NOTE | |
r-devel-linux-x86_64-debian-gcc | 0.1.14 | 56.87 | 181.59 | 238.46 | NOTE | |
r-devel-linux-x86_64-fedora-clang | 0.1.14 | 506.63 | NOTE | |||
r-devel-linux-x86_64-fedora-gcc | 0.1.14 | 616.62 | NOTE | |||
r-devel-windows-x86_64 | 0.1.14 | 77.00 | 266.00 | 343.00 | NOTE | |
r-patched-linux-x86_64 | 0.1.14 | 90.31 | 274.80 | 365.11 | NOTE | |
r-release-linux-x86_64 | 0.1.14 | 89.09 | 277.48 | 366.57 | NOTE | |
r-release-macos-arm64 | 0.1.14 | 156.00 | NOTE | |||
r-release-macos-x86_64 | 0.1.14 | 278.00 | NOTE | |||
r-release-windows-x86_64 | 0.1.14 | 89.00 | 264.00 | 353.00 | NOTE | |
r-oldrel-macos-arm64 | 0.1.14 | 139.00 | NOTE | |||
r-oldrel-macos-x86_64 | 0.1.14 | 204.00 | NOTE | |||
r-oldrel-windows-x86_64 | 0.1.14 | 92.00 | 367.00 | 459.00 | NOTE |
Version: 0.1.14
Check: Rd files
Result: NOTE
checkRd: (-1) find_lcp.Rd:60: Lost braces in \itemize; \value handles \item{}{} directly
checkRd: (-1) find_lcp.Rd:61: Lost braces in \itemize; \value handles \item{}{} directly
checkRd: (-1) find_lcp.Rd:62: Lost braces in \itemize; \value handles \item{}{} directly
checkRd: (-1) find_lcp.Rd:63-65: Lost braces in \itemize; \value handles \item{}{} directly
checkRd: (-1) find_lcp.Rd:66: Lost braces in \itemize; \value handles \item{}{} directly
checkRd: (-1) find_lcp.Rd:67: Lost braces in \itemize; \value handles \item{}{} directly
checkRd: (-1) summarize_lcps.Rd:17: Lost braces in \itemize; \value handles \item{}{} directly
checkRd: (-1) summarize_lcps.Rd:18-19: Lost braces in \itemize; \value handles \item{}{} directly
checkRd: (-1) summarize_lcps.Rd:20: Lost braces in \itemize; \value handles \item{}{} directly
checkRd: (-1) summarize_lcps.Rd:21: Lost braces in \itemize; \value handles \item{}{} directly
checkRd: (-1) summarize_lcps.Rd:22: Lost braces in \itemize; \value handles \item{}{} directly
checkRd: (-1) summarize_lcps.Rd:23-25: Lost braces in \itemize; \value handles \item{}{} directly
Flavors: r-devel-linux-x86_64-debian-clang, r-devel-linux-x86_64-debian-gcc, r-devel-linux-x86_64-fedora-clang, r-devel-linux-x86_64-fedora-gcc, r-devel-windows-x86_64, r-patched-linux-x86_64, r-release-linux-x86_64, r-release-macos-arm64, r-release-macos-x86_64, r-release-windows-x86_64, r-oldrel-macos-arm64, r-oldrel-macos-x86_64, r-oldrel-windows-x86_64
Version: 0.1.14
Check: installed package size
Result: NOTE
installed size is 10.9Mb
sub-directories of 1Mb or more:
doc 1.7Mb
libs 8.3Mb
Flavors: r-oldrel-macos-arm64, r-oldrel-macos-x86_64