CRAN Package Check Results for Package quRan

Last updated on 2025-07-21 00:49:59 CEST.

Flavor Version Tinstall Tcheck Ttotal Status Flags
r-devel-linux-x86_64-debian-clang 0.1.0 2.43 22.82 25.25 NOTE
r-devel-linux-x86_64-debian-gcc 0.1.0 1.90 18.96 20.86 NOTE
r-devel-linux-x86_64-fedora-clang 0.1.0 39.23 OK
r-devel-linux-x86_64-fedora-gcc 0.1.0 37.16 OK
r-devel-windows-x86_64 0.1.0 4.00 43.00 47.00 OK
r-patched-linux-x86_64 0.1.0 2.69 20.47 23.16 OK
r-release-linux-x86_64 0.1.0 2.54 20.71 23.25 OK
r-release-macos-arm64 0.1.0 17.00 OK
r-release-macos-x86_64 0.1.0 28.00 OK
r-release-windows-x86_64 0.1.0 4.00 42.00 46.00 OK
r-oldrel-macos-arm64 0.1.0 18.00 OK
r-oldrel-macos-x86_64 0.1.0 25.00 OK
r-oldrel-windows-x86_64 0.1.0 6.00 50.00 56.00 OK

Check Details

Version: 0.1.0
Check: CRAN incoming feasibility
Result: NOTE Maintainer: ‘Andrew Heiss <andrew@andrewheiss.com>’ Found the following (possibly) invalid file URI: URI: CONDUCT.md From: README.md Flavors: r-devel-linux-x86_64-debian-clang, r-devel-linux-x86_64-debian-gcc