Last updated on 2025-05-28 17:57:32 CEST.
Flavor | Version | Tinstall | Tcheck | Ttotal | Status | Flags |
---|---|---|---|---|---|---|
r-devel-linux-x86_64-debian-clang | 2.3 | 12.08 | 87.96 | 100.04 | NOTE | |
r-devel-linux-x86_64-debian-gcc | 2.3 | 10.66 | 68.93 | 79.59 | NOTE | |
r-devel-linux-x86_64-fedora-clang | 2.3 | 166.05 | OK | |||
r-devel-linux-x86_64-fedora-gcc | 2.3 | 142.42 | OK | |||
r-devel-windows-x86_64 | 2.3 | 11.00 | 91.00 | 102.00 | OK | |
r-patched-linux-x86_64 | 2.3 | 11.62 | 85.65 | 97.27 | OK | |
r-release-linux-x86_64 | 2.3 | 12.21 | 84.95 | 97.16 | OK | |
r-release-macos-arm64 | 2.3 | 109.00 | OK | |||
r-release-macos-x86_64 | 2.3 | 146.00 | OK | |||
r-release-windows-x86_64 | 2.3 | 10.00 | 98.00 | 108.00 | OK | |
r-oldrel-macos-arm64 | 2.3 | 84.00 | OK | |||
r-oldrel-macos-x86_64 | 2.3 | 99.00 | OK | |||
r-oldrel-windows-x86_64 | 2.3 | 14.00 | 107.00 | 121.00 | OK |
Version: 2.3
Check: CRAN incoming feasibility
Result: NOTE
Maintainer: ‘Christian E. Galarza <cgalarza88@gmail.com>’
No Authors@R field in DESCRIPTION.
Please add one, modifying
Authors@R: c(person(given = c("Christian", "E."),
family = "Galarza",
role = c("aut", "cre"),
email = "cgalarza88@gmail.com"),
person(given = c("Victor", "H."),
family = "Lachos",
role = "aut",
email = "hlachos@ime.unicamp.br"))
as necessary.
Flavors: r-devel-linux-x86_64-debian-clang, r-devel-linux-x86_64-debian-gcc