Last updated on 2025-05-28 04:52:25 CEST.
Flavor | Version | Tinstall | Tcheck | Ttotal | Status | Flags |
---|---|---|---|---|---|---|
r-devel-linux-x86_64-debian-clang | 0.1.0 | 3.31 | 27.59 | 30.90 | OK | |
r-devel-linux-x86_64-debian-gcc | 0.1.0 | 2.46 | 21.58 | 24.04 | OK | |
r-devel-linux-x86_64-fedora-clang | 0.1.0 | 47.95 | NOTE | |||
r-devel-linux-x86_64-fedora-gcc | 0.1.0 | 46.17 | NOTE | |||
r-devel-windows-x86_64 | 0.1.0 | 7.00 | 54.00 | 61.00 | OK | |
r-patched-linux-x86_64 | 0.1.0 | 3.17 | 26.75 | 29.92 | OK | |
r-release-linux-x86_64 | 0.1.0 | 3.13 | 27.38 | 30.51 | OK | |
r-release-macos-arm64 | 0.1.0 | 20.00 | OK | |||
r-release-macos-x86_64 | 0.1.0 | 34.00 | OK | |||
r-release-windows-x86_64 | 0.1.0 | 5.00 | 49.00 | 54.00 | OK | |
r-oldrel-macos-arm64 | 0.1.0 | 20.00 | NOTE | |||
r-oldrel-macos-x86_64 | 0.1.0 | 27.00 | NOTE | |||
r-oldrel-windows-x86_64 | 0.1.0 | 6.00 | 57.00 | 63.00 | NOTE |
Version: 0.1.0
Check: dependencies in R code
Result: NOTE
Namespaces in Imports field not imported from:
‘rmarkdown’ ‘stats’
All declared Imports should be used.
Flavors: r-devel-linux-x86_64-fedora-clang, r-devel-linux-x86_64-fedora-gcc
Version: 0.1.0
Check: LazyData
Result: NOTE
'LazyData' is specified without a 'data' directory
Flavors: r-oldrel-macos-arm64, r-oldrel-macos-x86_64, r-oldrel-windows-x86_64