CRAN Package Check Results for Package qccrs

Last updated on 2025-07-21 17:50:24 CEST.

Flavor Version Tinstall Tcheck Ttotal Status Flags
r-devel-linux-x86_64-debian-clang 0.1.0 4.10 34.58 38.68 OK
r-devel-linux-x86_64-debian-gcc 0.1.0 2.38 24.82 27.20 OK
r-devel-linux-x86_64-fedora-clang 0.1.0 59.52 OK
r-devel-linux-x86_64-fedora-gcc 0.1.0 54.94 OK
r-devel-windows-x86_64 0.1.0 5.00 50.00 55.00 OK
r-patched-linux-x86_64 0.1.0 3.69 31.04 34.73 OK
r-release-linux-x86_64 0.1.0 3.34 32.90 36.24 OK
r-release-macos-arm64 0.1.0 21.00 OK
r-release-macos-x86_64 0.1.0 34.00 OK
r-release-windows-x86_64 0.1.0 6.00 50.00 56.00 OK
r-oldrel-macos-arm64 0.1.0 21.00 NOTE
r-oldrel-macos-x86_64 0.1.0 30.00 NOTE
r-oldrel-windows-x86_64 0.1.0 7.00 57.00 64.00 NOTE

Check Details

Version: 0.1.0
Check: LazyData
Result: NOTE 'LazyData' is specified without a 'data' directory Flavors: r-oldrel-macos-arm64, r-oldrel-macos-x86_64, r-oldrel-windows-x86_64