CRAN Package Check Results for Package pryr

Last updated on 2025-05-29 04:50:28 CEST.

Flavor Version Tinstall Tcheck Ttotal Status Flags
r-devel-linux-x86_64-debian-clang 0.1.6 28.67 42.34 71.01 NOTE
r-devel-linux-x86_64-debian-gcc 0.1.6 20.30 30.34 50.64 NOTE
r-devel-linux-x86_64-fedora-clang 0.1.6 125.71 NOTE
r-devel-linux-x86_64-fedora-gcc 0.1.6 115.83 NOTE
r-devel-windows-x86_64 0.1.6 35.00 86.00 121.00 NOTE
r-patched-linux-x86_64 0.1.6 29.93 39.56 69.49 NOTE
r-release-linux-x86_64 0.1.6 26.95 40.21 67.16 NOTE
r-release-macos-arm64 0.1.6 48.00 NOTE
r-release-macos-x86_64 0.1.6 59.00 NOTE
r-release-windows-x86_64 0.1.6 37.00 95.00 132.00 NOTE
r-oldrel-macos-arm64 0.1.6 37.00 OK
r-oldrel-macos-x86_64 0.1.6 52.00 OK
r-oldrel-windows-x86_64 0.1.6 43.00 104.00 147.00 OK

Check Details

Version: 0.1.6
Check: compiled code
Result: NOTE File ‘pryr/libs/pryr.so’: Found non-API calls to R: ‘BODY’, ‘CLOENV’, ‘ENCLOS’, ‘EXTPTR_PROT’, ‘EXTPTR_TAG’, ‘FORMALS’, ‘FRAME’, ‘HASHTAB’, ‘NAMED’, ‘PRCODE’, ‘PRENV’, ‘PRVALUE’, ‘Rf_findVarInFrame3’ Compiled code should not call non-API entry points in R. See ‘Writing portable packages’ in the ‘Writing R Extensions’ manual, and section ‘Moving into C API compliance’ for issues with the use of non-API entry points. Flavors: r-devel-linux-x86_64-debian-clang, r-devel-linux-x86_64-debian-gcc, r-devel-linux-x86_64-fedora-clang, r-devel-linux-x86_64-fedora-gcc, r-patched-linux-x86_64, r-release-linux-x86_64, r-release-macos-arm64, r-release-macos-x86_64

Version: 0.1.6
Check: compiled code
Result: NOTE File 'pryr/libs/x64/pryr.dll': Found non-API calls to R: 'BODY', 'CLOENV', 'ENCLOS', 'EXTPTR_PROT', 'EXTPTR_TAG', 'FORMALS', 'FRAME', 'HASHTAB', 'NAMED', 'PRCODE', 'PRENV', 'PRVALUE', 'Rf_findVarInFrame3' Compiled code should not call non-API entry points in R. See 'Writing portable packages' in the 'Writing R Extensions' manual, and section 'Moving into C API compliance' for issues with the use of non-API entry points. Flavors: r-devel-windows-x86_64, r-release-windows-x86_64