Last updated on 2025-05-24 23:50:21 CEST.
Flavor | Version | Tinstall | Tcheck | Ttotal | Status | Flags |
---|---|---|---|---|---|---|
r-devel-linux-x86_64-debian-clang | 2.1.3 | 6.36 | 49.78 | 56.14 | OK | |
r-devel-linux-x86_64-debian-gcc | 2.1.3 | 3.89 | 35.49 | 39.38 | OK | |
r-devel-linux-x86_64-fedora-clang | 2.1.3 | 89.31 | NOTE | |||
r-devel-linux-x86_64-fedora-gcc | 2.1.3 | 78.21 | NOTE | |||
r-devel-windows-x86_64 | 2.1.3 | 10.00 | 68.00 | 78.00 | OK | |
r-patched-linux-x86_64 | 2.1.3 | 6.35 | 44.25 | 50.60 | OK | |
r-release-linux-x86_64 | 2.1.3 | 6.27 | 45.50 | 51.77 | OK | |
r-release-macos-arm64 | 2.1.3 | 29.00 | OK | |||
r-release-macos-x86_64 | 2.1.3 | 95.00 | OK | |||
r-release-windows-x86_64 | 2.1.3 | 9.00 | 68.00 | 77.00 | OK | |
r-oldrel-macos-arm64 | 2.1.3 | 27.00 | OK | |||
r-oldrel-macos-x86_64 | 2.1.3 | 65.00 | OK | |||
r-oldrel-windows-x86_64 | 2.1.3 | 9.00 | 76.00 | 85.00 | OK |
Version: 2.1.3
Check: dependencies in R code
Result: NOTE
Namespace in Imports field not imported from: ‘methods’
All declared Imports should be used.
Flavors: r-devel-linux-x86_64-fedora-clang, r-devel-linux-x86_64-fedora-gcc