Last updated on 2025-07-22 23:50:00 CEST.
Flavor | Version | Tinstall | Tcheck | Ttotal | Status | Flags |
---|---|---|---|---|---|---|
r-devel-linux-x86_64-debian-clang | 1.3.0 | 5.95 | 97.36 | 103.31 | NOTE | |
r-devel-linux-x86_64-debian-gcc | 1.3.0 | 3.80 | 60.75 | 64.55 | NOTE | |
r-devel-linux-x86_64-fedora-clang | 1.4.0 | 150.50 | OK | |||
r-devel-linux-x86_64-fedora-gcc | 1.4.0 | 153.33 | OK | |||
r-devel-windows-x86_64 | 1.3.0 | 5.00 | 86.00 | 91.00 | NOTE | |
r-patched-linux-x86_64 | 1.3.0 | 5.81 | 76.83 | 82.64 | NOTE | |
r-release-linux-x86_64 | 1.3.0 | 5.04 | 76.24 | 81.28 | NOTE | |
r-release-macos-arm64 | 1.3.0 | 44.00 | OK | |||
r-release-macos-x86_64 | 1.4.0 | 163.00 | OK | |||
r-release-windows-x86_64 | 1.3.0 | 5.00 | 90.00 | 95.00 | NOTE | |
r-oldrel-macos-arm64 | 1.3.0 | 65.00 | OK | |||
r-oldrel-macos-x86_64 | 1.4.0 | 150.00 | OK | |||
r-oldrel-windows-x86_64 | 1.3.0 | 6.00 | 109.00 | 115.00 | OK |
Version: 1.3.0
Check: Rd cross-references
Result: NOTE
Found the following Rd file(s) with Rd \link{} targets missing package
anchors:
cpd.Rd: nls.lm
Please provide package anchors for all Rd \link{} targets not in the
package itself and the base packages.
Flavors: r-devel-linux-x86_64-debian-clang, r-devel-linux-x86_64-debian-gcc, r-devel-windows-x86_64, r-patched-linux-x86_64, r-release-linux-x86_64, r-release-windows-x86_64