Last updated on 2025-05-25 04:50:28 CEST.
Flavor | Version | Tinstall | Tcheck | Ttotal | Status | Flags |
---|---|---|---|---|---|---|
r-devel-linux-x86_64-debian-clang | 0.1.2 | 9.15 | 168.09 | 177.24 | NOTE | |
r-devel-linux-x86_64-debian-gcc | 0.1.2 | 5.10 | 109.57 | 114.67 | NOTE | |
r-devel-linux-x86_64-fedora-clang | 0.1.2 | 275.79 | NOTE | |||
r-devel-linux-x86_64-fedora-gcc | 0.1.2 | 283.46 | NOTE | |||
r-devel-windows-x86_64 | 0.1.2 | 13.00 | 165.00 | 178.00 | NOTE | |
r-patched-linux-x86_64 | 0.1.2 | 7.65 | 157.07 | 164.72 | NOTE | |
r-release-linux-x86_64 | 0.1.2 | 7.50 | 159.30 | 166.80 | NOTE | |
r-release-macos-arm64 | 0.1.2 | 77.00 | NOTE | |||
r-release-macos-x86_64 | 0.1.2 | 150.00 | NOTE | |||
r-release-windows-x86_64 | 0.1.2 | 10.00 | 155.00 | 165.00 | NOTE | |
r-oldrel-macos-arm64 | 0.1.2 | 79.00 | OK | |||
r-oldrel-macos-x86_64 | 0.1.2 | 140.00 | OK | |||
r-oldrel-windows-x86_64 | 0.1.2 | 13.00 | 210.00 | 223.00 | OK |
Version: 0.1.2
Check: DESCRIPTION meta-information
Result: NOTE
Missing dependency on R >= 4.1.0 because package code uses the pipe
|> or function shorthand \(...) syntax added in R 4.1.0.
File(s) using such syntax:
‘FSR.R’ ‘SR.R’ ‘helper_functions_model.R’ ‘plot.powerNLSEM.R’
‘smart_search.R’
Flavors: r-devel-linux-x86_64-debian-clang, r-devel-linux-x86_64-debian-gcc, r-devel-linux-x86_64-fedora-clang, r-devel-linux-x86_64-fedora-gcc, r-devel-windows-x86_64, r-patched-linux-x86_64, r-release-linux-x86_64, r-release-macos-arm64, r-release-macos-x86_64, r-release-windows-x86_64