CRAN Package Check Results for Package powerMediation

Last updated on 2025-05-28 09:53:05 CEST.

Flavor Version Tinstall Tcheck Ttotal Status Flags
r-devel-linux-x86_64-debian-clang 0.3.4 2.79 28.51 31.30 NOTE
r-devel-linux-x86_64-debian-gcc 0.3.4 1.99 21.59 23.58 NOTE
r-devel-linux-x86_64-fedora-clang 0.3.4 46.88 OK
r-devel-linux-x86_64-fedora-gcc 0.3.4 45.71 OK
r-devel-windows-x86_64 0.3.4 5.00 54.00 59.00 OK
r-patched-linux-x86_64 0.3.4 3.82 27.01 30.83 OK
r-release-linux-x86_64 0.3.4 2.65 26.64 29.29 OK
r-release-macos-arm64 0.3.4 17.00 OK
r-release-macos-x86_64 0.3.4 28.00 OK
r-release-windows-x86_64 0.3.4 5.00 58.00 63.00 OK
r-oldrel-macos-arm64 0.3.4 15.00 OK
r-oldrel-macos-x86_64 0.3.4 24.00 OK
r-oldrel-windows-x86_64 0.3.4 4.00 52.00 56.00 OK

Check Details

Version: 0.3.4
Check: CRAN incoming feasibility
Result: NOTE Maintainer: ‘Weiliang Qiu <weiliang.qiu@gmail.com>’ No Authors@R field in DESCRIPTION. Please add one, modifying Authors@R: person(given = "Weiliang", family = "Qiu", role = c("aut", "cre"), email = "weiliang.qiu@gmail.com") as necessary. Flavors: r-devel-linux-x86_64-debian-clang, r-devel-linux-x86_64-debian-gcc