Last updated on 2025-05-28 17:57:31 CEST.
Flavor | Version | Tinstall | Tcheck | Ttotal | Status | Flags |
---|---|---|---|---|---|---|
r-devel-linux-x86_64-debian-clang | 1.2.1.14 | 4.29 | 34.79 | 39.08 | OK | |
r-devel-linux-x86_64-debian-gcc | 1.2.1.14 | 3.08 | 27.19 | 30.27 | OK | |
r-devel-linux-x86_64-fedora-clang | 1.2.1.14 | 61.27 | NOTE | |||
r-devel-linux-x86_64-fedora-gcc | 1.2.1.14 | 57.79 | NOTE | |||
r-devel-windows-x86_64 | 1.2.1.14 | 8.00 | 52.00 | 60.00 | OK | |
r-patched-linux-x86_64 | 1.2.1.14 | 4.11 | 32.66 | 36.77 | OK | |
r-release-linux-x86_64 | 1.2.1.14 | 2.81 | 33.05 | 35.86 | OK | |
r-release-macos-arm64 | 1.2.1.14 | 23.00 | OK | |||
r-release-macos-x86_64 | 1.2.1.14 | 34.00 | OK | |||
r-release-windows-x86_64 | 1.2.1.14 | 8.00 | 58.00 | 66.00 | OK | |
r-oldrel-macos-arm64 | 1.2.1.14 | 22.00 | OK | |||
r-oldrel-macos-x86_64 | 1.2.1.14 | 33.00 | OK | |||
r-oldrel-windows-x86_64 | 1.2.1.14 | 8.00 | 62.00 | 70.00 | OK |
Version: 1.2.1.14
Check: dependencies in R code
Result: NOTE
Namespaces in Imports field not imported from:
‘MASS’ ‘car’ ‘formula.tools’ ‘ggplot2’ ‘gplots’ ‘graphics’ ‘purrr’
‘rstatix’ ‘stringr’ ‘tidyverse’
All declared Imports should be used.
Flavors: r-devel-linux-x86_64-fedora-clang, r-devel-linux-x86_64-fedora-gcc