Last updated on 2025-05-25 04:50:27 CEST.
Flavor | Version | Tinstall | Tcheck | Ttotal | Status | Flags |
---|---|---|---|---|---|---|
r-devel-linux-x86_64-debian-clang | 0.2.0 | 1.42 | 22.22 | 23.64 | OK | |
r-devel-linux-x86_64-debian-gcc | 0.2.0 | 1.23 | 17.85 | 19.08 | OK | |
r-devel-linux-x86_64-fedora-clang | 0.2.0 | 38.21 | OK | |||
r-devel-linux-x86_64-fedora-gcc | 0.2.0 | 36.07 | OK | |||
r-devel-windows-x86_64 | 0.2.0 | 3.00 | 86.00 | 89.00 | OK | |
r-patched-linux-x86_64 | 0.2.0 | 1.30 | 20.06 | 21.36 | OK | |
r-release-linux-x86_64 | 0.2.0 | 1.32 | 20.31 | 21.63 | OK | |
r-release-macos-arm64 | 0.2.0 | 16.00 | OK | |||
r-release-macos-x86_64 | 0.2.0 | 30.00 | OK | |||
r-release-windows-x86_64 | 0.2.0 | 3.00 | 50.00 | 53.00 | OK | |
r-oldrel-macos-arm64 | 0.2.0 | 21.00 | NOTE | |||
r-oldrel-macos-x86_64 | 0.2.0 | 35.00 | NOTE | |||
r-oldrel-windows-x86_64 | 0.2.0 | 3.00 | 52.00 | 55.00 | NOTE |
Version: 0.2.0
Check: LazyData
Result: NOTE
'LazyData' is specified without a 'data' directory
Flavors: r-oldrel-macos-arm64, r-oldrel-macos-x86_64, r-oldrel-windows-x86_64