Last updated on 2025-07-21 00:49:57 CEST.
Flavor | Version | Tinstall | Tcheck | Ttotal | Status | Flags |
---|---|---|---|---|---|---|
r-devel-linux-x86_64-debian-clang | 0.2.3 | 11.11 | 152.49 | 163.60 | NOTE | |
r-devel-linux-x86_64-debian-gcc | 0.2.3 | 7.31 | 114.05 | 121.36 | NOTE | |
r-devel-linux-x86_64-fedora-clang | 0.2.3 | 236.53 | NOTE | |||
r-devel-linux-x86_64-fedora-gcc | 0.2.3 | 244.57 | NOTE | |||
r-devel-windows-x86_64 | 0.2.3 | 13.00 | 136.00 | 149.00 | NOTE | |
r-patched-linux-x86_64 | 0.2.3 | 10.67 | 147.92 | 158.59 | NOTE | |
r-release-linux-x86_64 | 0.2.3 | 10.79 | 147.37 | 158.16 | NOTE | |
r-release-macos-arm64 | 0.2.3 | 68.00 | NOTE | |||
r-release-macos-x86_64 | 0.2.3 | 158.00 | NOTE | |||
r-release-windows-x86_64 | 0.2.3 | 13.00 | 136.00 | 149.00 | NOTE | |
r-oldrel-macos-arm64 | 0.2.3 | 67.00 | NOTE | |||
r-oldrel-macos-x86_64 | 0.2.3 | 101.00 | NOTE | |||
r-oldrel-windows-x86_64 | 0.2.3 | 16.00 | 172.00 | 188.00 | NOTE |
Version: 0.2.3
Check: package subdirectories
Result: NOTE
Problems with news in ‘NEWS.md’:
No news entries found.
Flavors: r-devel-linux-x86_64-debian-clang, r-devel-linux-x86_64-debian-gcc, r-devel-linux-x86_64-fedora-clang, r-devel-linux-x86_64-fedora-gcc, r-devel-windows-x86_64, r-patched-linux-x86_64, r-release-linux-x86_64, r-release-macos-arm64, r-release-macos-x86_64, r-release-windows-x86_64, r-oldrel-macos-arm64, r-oldrel-macos-x86_64, r-oldrel-windows-x86_64