Last updated on 2025-05-27 23:52:00 CEST.
Flavor | Version | Tinstall | Tcheck | Ttotal | Status | Flags |
---|---|---|---|---|---|---|
r-devel-linux-x86_64-debian-clang | 0.5.1 | 6.57 | 49.20 | 55.77 | NOTE | |
r-devel-linux-x86_64-debian-gcc | 0.5.1 | 4.01 | 35.08 | 39.09 | NOTE | |
r-devel-linux-x86_64-fedora-clang | 0.5.1 | 88.75 | OK | |||
r-devel-linux-x86_64-fedora-gcc | 0.5.1 | 79.32 | OK | |||
r-devel-windows-x86_64 | 0.5.1 | 9.00 | 62.00 | 71.00 | OK | |
r-patched-linux-x86_64 | 0.5.1 | 5.42 | 46.39 | 51.81 | OK | |
r-release-linux-x86_64 | 0.5.1 | 5.48 | 47.10 | 52.58 | OK | |
r-release-macos-arm64 | 0.5.1 | 25.00 | OK | |||
r-release-macos-x86_64 | 0.5.1 | 46.00 | OK | |||
r-release-windows-x86_64 | 0.5.1 | 9.00 | 67.00 | 76.00 | OK | |
r-oldrel-macos-arm64 | 0.5.1 | 23.00 | OK | |||
r-oldrel-macos-x86_64 | 0.5.1 | 38.00 | OK | |||
r-oldrel-windows-x86_64 | 0.5.1 | 10.00 | 74.00 | 84.00 | OK |
Version: 0.5.1
Check: CRAN incoming feasibility
Result: NOTE
Maintainer: ‘Michael Sweeting <mjs212@medschl.cam.ac.uk>’
No Authors@R field in DESCRIPTION.
Please add one, modifying
Authors@R: person(given = "Michael",
family = "Sweeting",
role = c("aut", "cre"),
email = "mjs212@medschl.cam.ac.uk")
as necessary.
Flavors: r-devel-linux-x86_64-debian-clang, r-devel-linux-x86_64-debian-gcc