Last updated on 2025-07-21 13:51:01 CEST.
Flavor | Version | Tinstall | Tcheck | Ttotal | Status | Flags |
---|---|---|---|---|---|---|
r-devel-linux-x86_64-debian-clang | 1.0-0.4 | 2.35 | 29.75 | 32.10 | NOTE | |
r-devel-linux-x86_64-debian-gcc | 1.0-0.4 | 1.95 | 23.70 | 25.65 | NOTE | |
r-devel-linux-x86_64-fedora-clang | 1.0-0.4 | 48.20 | OK | |||
r-devel-linux-x86_64-fedora-gcc | 1.0-0.4 | 47.00 | OK | |||
r-devel-windows-x86_64 | 1.0-0.4 | 4.00 | 52.00 | 56.00 | OK | |
r-patched-linux-x86_64 | 1.0-0.4 | 2.55 | 27.74 | 30.29 | OK | |
r-release-linux-x86_64 | 1.0-0.4 | 2.35 | 28.51 | 30.86 | OK | |
r-release-macos-arm64 | 1.0-0.4 | 19.00 | OK | |||
r-release-macos-x86_64 | 1.0-0.4 | 32.00 | OK | |||
r-release-windows-x86_64 | 1.0-0.4 | 4.00 | 49.00 | 53.00 | OK | |
r-oldrel-macos-arm64 | 1.0-0.4 | 23.00 | OK | |||
r-oldrel-macos-x86_64 | 1.0-0.4 | 39.00 | OK | |||
r-oldrel-windows-x86_64 | 1.0-0.4 | 3.00 | 55.00 | 58.00 | OK |
Version: 1.0-0.4
Check: CRAN incoming feasibility
Result: NOTE
Maintainer: ‘Michael P. Fay <mfay@niaid.nih.gov>’
No Authors@R field in DESCRIPTION.
Please add one, modifying
Authors@R: c(person(given = "Michael",
family = "Fay",
role = "aut"),
person(given = c("Michael", "P."),
family = "Fay",
role = "cre",
email = "mfay@niaid.nih.gov"))
as necessary.
Flavors: r-devel-linux-x86_64-debian-clang, r-devel-linux-x86_64-debian-gcc