Last updated on 2025-05-25 04:50:27 CEST.
Flavor | Version | Tinstall | Tcheck | Ttotal | Status | Flags |
---|---|---|---|---|---|---|
r-devel-linux-x86_64-debian-clang | 0.2.4 | 11.48 | 74.76 | 86.24 | NOTE | |
r-devel-linux-x86_64-debian-gcc | 0.2.4 | 8.23 | 54.19 | 62.42 | NOTE | |
r-devel-linux-x86_64-fedora-clang | 0.2.4 | 139.08 | OK | |||
r-devel-linux-x86_64-fedora-gcc | 0.2.4 | 131.10 | OK | |||
r-devel-windows-x86_64 | 0.2.4 | 13.00 | 90.00 | 103.00 | NOTE | |
r-patched-linux-x86_64 | 0.2.4 | 12.15 | 72.14 | 84.29 | NOTE | |
r-release-linux-x86_64 | 0.2.4 | 11.55 | 70.88 | 82.43 | NOTE | |
r-release-macos-arm64 | 0.2.4 | 41.00 | OK | |||
r-release-macos-x86_64 | 0.2.4 | 96.00 | OK | |||
r-release-windows-x86_64 | 0.2.4 | 13.00 | 89.00 | 102.00 | NOTE | |
r-oldrel-macos-arm64 | 0.2.4 | 39.00 | OK | |||
r-oldrel-macos-x86_64 | 0.2.4 | 57.00 | OK | |||
r-oldrel-windows-x86_64 | 0.2.4 | 19.00 | 108.00 | 127.00 | OK |
Version: 0.2.4
Check: Rd cross-references
Result: NOTE
Found the following Rd file(s) with Rd \link{} targets missing package
anchors:
pq_plot.Rd: e_theme
Please provide package anchors for all Rd \link{} targets not in the
package itself and the base packages.
Flavors: r-devel-linux-x86_64-debian-clang, r-devel-linux-x86_64-debian-gcc, r-devel-windows-x86_64, r-patched-linux-x86_64, r-release-linux-x86_64, r-release-windows-x86_64