Last updated on 2025-05-28 09:53:04 CEST.
Flavor | Version | Tinstall | Tcheck | Ttotal | Status | Flags |
---|---|---|---|---|---|---|
r-devel-linux-x86_64-debian-clang | 0.4.2 | 4.27 | 112.20 | 116.47 | OK | |
r-devel-linux-x86_64-debian-gcc | 0.4.2 | 3.20 | 76.20 | 79.40 | OK | |
r-devel-linux-x86_64-fedora-clang | 0.4.2 | 177.41 | OK | |||
r-devel-linux-x86_64-fedora-gcc | 0.4.2 | 175.19 | OK | |||
r-devel-windows-x86_64 | 0.4.2 | 7.00 | 118.00 | 125.00 | OK | |
r-patched-linux-x86_64 | 0.4.2 | 4.24 | 103.54 | 107.78 | OK | |
r-release-linux-x86_64 | 0.4.2 | 4.24 | 104.70 | 108.94 | OK | |
r-release-macos-arm64 | 0.4.2 | 70.00 | OK | |||
r-release-macos-x86_64 | 0.4.2 | 118.00 | OK | |||
r-release-windows-x86_64 | 0.4.2 | 7.00 | 117.00 | 124.00 | OK | |
r-oldrel-macos-arm64 | 0.4.2 | 54.00 | NOTE | |||
r-oldrel-macos-x86_64 | 0.4.2 | 154.00 | NOTE | |||
r-oldrel-windows-x86_64 | 0.4.2 | 9.00 | 157.00 | 166.00 | NOTE |
Version: 0.4.2
Check: LazyData
Result: NOTE
'LazyData' is specified without a 'data' directory
Flavors: r-oldrel-macos-arm64, r-oldrel-macos-x86_64, r-oldrel-windows-x86_64