CRAN Package Check Results for Package pdfCluster

Last updated on 2025-07-20 13:50:04 CEST.

Flavor Version Tinstall Tcheck Ttotal Status Flags
r-devel-linux-x86_64-debian-clang 1.0-4 7.37 50.74 58.11 NOTE
r-devel-linux-x86_64-debian-gcc 1.0-4 4.57 38.12 42.69 NOTE
r-devel-linux-x86_64-fedora-clang 1.0-4 88.91 OK
r-devel-linux-x86_64-fedora-gcc 1.0-4 85.12 OK
r-devel-windows-x86_64 1.0-4 12.00 76.00 88.00 OK
r-patched-linux-x86_64 1.0-4 8.65 48.28 56.93 OK
r-release-linux-x86_64 1.0-4 7.51 48.14 55.65 OK
r-release-macos-arm64 1.0-4 32.00 OK
r-release-macos-x86_64 1.0-4 57.00 OK
r-release-windows-x86_64 1.0-4 12.00 75.00 87.00 OK
r-oldrel-macos-arm64 1.0-4 28.00 OK
r-oldrel-macos-x86_64 1.0-4 42.00 OK
r-oldrel-windows-x86_64 1.0-4 14.00 86.00 100.00 OK

Check Details

Version: 1.0-4
Check: CRAN incoming feasibility
Result: NOTE Maintainer: ‘Menardi Giovanna <menardi@stat.unipd.it>’ Package CITATION file contains call(s) to old-style personList() or as.personList(). Please use c() on person objects instead. Package CITATION file contains call(s) to old-style citEntry(). Please use bibentry() instead. Flavors: r-devel-linux-x86_64-debian-clang, r-devel-linux-x86_64-debian-gcc