Last updated on 2025-05-25 13:49:50 CEST.
Flavor | Version | Tinstall | Tcheck | Ttotal | Status | Flags |
---|---|---|---|---|---|---|
r-devel-linux-x86_64-debian-clang | 0.9.0 | 169.16 | 304.33 | 473.49 | OK | |
r-devel-linux-x86_64-debian-gcc | 0.9.0 | 97.58 | 209.65 | 307.23 | OK | |
r-devel-linux-x86_64-fedora-clang | 0.9.0 | 723.27 | OK | |||
r-devel-linux-x86_64-fedora-gcc | 0.9.0 | 685.63 | OK | |||
r-devel-windows-x86_64 | 0.9.0 | 149.00 | 1001.00 | 1150.00 | OK | |
r-patched-linux-x86_64 | 0.9.0 | 171.02 | 280.88 | 451.90 | OK | |
r-release-linux-x86_64 | 0.9.0 | 146.28 | 282.85 | 429.13 | OK | |
r-release-macos-arm64 | 0.9.0 | 185.00 | OK | |||
r-release-macos-x86_64 | 0.9.0 | 374.00 | OK | |||
r-release-windows-x86_64 | 0.9.0 | 152.00 | 538.00 | 690.00 | OK | |
r-oldrel-macos-arm64 | 0.9.0 | 161.00 | NOTE | |||
r-oldrel-macos-x86_64 | 0.9.0 | 322.00 | NOTE | |||
r-oldrel-windows-x86_64 | 0.9.0 | 212.00 | 559.00 | 771.00 | NOTE |
Version: 0.9.0
Check: installed package size
Result: NOTE
installed size is 8.0Mb
sub-directories of 1Mb or more:
R 4.1Mb
help 3.8Mb
Flavors: r-oldrel-macos-arm64, r-oldrel-macos-x86_64, r-oldrel-windows-x86_64