Last updated on 2025-05-28 09:53:04 CEST.
Flavor | Version | Tinstall | Tcheck | Ttotal | Status | Flags |
---|---|---|---|---|---|---|
r-devel-linux-x86_64-debian-clang | 2.0.9 | 10.11 | 237.59 | 247.70 | OK | |
r-devel-linux-x86_64-debian-gcc | 2.0.9 | 6.79 | 170.44 | 177.23 | OK | |
r-devel-linux-x86_64-fedora-clang | 2.0.9 | 357.15 | OK | |||
r-devel-linux-x86_64-fedora-gcc | 2.0.9 | 343.47 | OK | |||
r-devel-windows-x86_64 | 2.0.9 | 10.00 | 209.00 | 219.00 | OK | |
r-patched-linux-x86_64 | 2.0.9 | 10.61 | 226.36 | 236.97 | OK | |
r-release-linux-x86_64 | 2.0.9 | 7.86 | 229.47 | 237.33 | OK | |
r-release-macos-arm64 | 2.0.9 | 114.00 | OK | |||
r-release-macos-x86_64 | 2.0.9 | 265.00 | OK | |||
r-release-windows-x86_64 | 2.0.9 | 12.00 | 209.00 | 221.00 | OK | |
r-oldrel-macos-arm64 | 2.0.9 | 93.00 | NOTE | |||
r-oldrel-macos-x86_64 | 2.0.9 | 228.00 | NOTE | |||
r-oldrel-windows-x86_64 | 2.0.9 | 15.00 | 267.00 | 282.00 | NOTE |
Version: 2.0.9
Check: installed package size
Result: NOTE
installed size is 5.6Mb
sub-directories of 1Mb or more:
doc 5.2Mb
Flavors: r-oldrel-macos-arm64, r-oldrel-macos-x86_64, r-oldrel-windows-x86_64