CRAN Package Check Results for Package packager

Last updated on 2025-05-28 04:52:23 CEST.

Flavor Version Tinstall Tcheck Ttotal Status Flags
r-devel-linux-x86_64-debian-clang 1.15.3 3.89 189.93 193.82 OK
r-devel-linux-x86_64-debian-gcc 1.15.3 3.28 142.60 145.88 OK
r-devel-linux-x86_64-fedora-clang 1.15.3 319.72 OK
r-devel-linux-x86_64-fedora-gcc 1.15.3 331.27 OK
r-devel-windows-x86_64 1.15.3 9.00 375.00 384.00 OK
r-patched-linux-x86_64 1.15.2 5.25 183.53 188.78 NOTE
r-release-linux-x86_64 1.15.2 4.80 183.48 188.28 NOTE
r-release-macos-arm64 1.15.3 213.00 OK
r-release-macos-x86_64 1.15.3 390.00 OK
r-release-windows-x86_64 1.15.3 6.00 347.00 353.00 OK
r-oldrel-macos-arm64 1.15.3 193.00 OK
r-oldrel-macos-x86_64 1.15.3 343.00 OK
r-oldrel-windows-x86_64 1.15.3 10.00 342.00 352.00 OK

Check Details

Version: 1.15.2
Check: Rd files
Result: NOTE checkRd: (-1) lint_package.Rd:20: Lost braces 20 | code{\link[lintr:lint_package]{lintr::lint_package}} where we hardcode the | ^ checkRd: (-1) provide_news_rd.Rd:22: Lost braces 22 | Christian Vonderach uses the index thus wants file{inst/NEWS.rd} to | ^ checkRd: (-1) provide_news_rd.Rd:23: Lost braces 23 | automatically be in sync with file{./NEWS.md}. | ^ Flavors: r-patched-linux-x86_64, r-release-linux-x86_64

Version: 1.15.2
Check: Rd cross-references
Result: NOTE Found the following Rd file(s) with Rd \link{} targets missing package anchors: check_usage.Rd: checkUsagePackage Please provide package anchors for all Rd \link{} targets not in the package itself and the base packages. Flavors: r-patched-linux-x86_64, r-release-linux-x86_64