Last updated on 2025-05-28 09:53:03 CEST.
Flavor | Version | Tinstall | Tcheck | Ttotal | Status | Flags |
---|---|---|---|---|---|---|
r-devel-linux-x86_64-debian-clang | 0.1.5 | 6.47 | 64.28 | 70.75 | NOTE | |
r-devel-linux-x86_64-debian-gcc | 0.1.5 | 4.36 | 46.39 | 50.75 | NOTE | |
r-devel-linux-x86_64-fedora-clang | 0.1.5 | 112.75 | OK | |||
r-devel-linux-x86_64-fedora-gcc | 0.1.5 | 124.71 | OK | |||
r-devel-windows-x86_64 | 0.1.5 | 8.00 | 99.00 | 107.00 | OK | |
r-patched-linux-x86_64 | 0.1.5 | 6.61 | 60.67 | 67.28 | OK | |
r-release-linux-x86_64 | 0.1.5 | 5.85 | 60.71 | 66.56 | OK | |
r-release-macos-arm64 | 0.1.5 | 40.00 | OK | |||
r-release-macos-x86_64 | 0.1.5 | 72.00 | OK | |||
r-release-windows-x86_64 | 0.1.5 | 8.00 | 106.00 | 114.00 | OK | |
r-oldrel-macos-arm64 | 0.1.5 | 39.00 | OK | |||
r-oldrel-macos-x86_64 | 0.1.5 | 60.00 | OK | |||
r-oldrel-windows-x86_64 | 0.1.5 | 11.00 | 113.00 | 124.00 | OK |
Version: 0.1.5
Check: CRAN incoming feasibility
Result: NOTE
Maintainer: ‘Marek Hlavac <mhlavac@alumni.princeton.edu>’
No Authors@R field in DESCRIPTION.
Please add one, modifying
Authors@R: person(given = "Marek",
family = "Hlavac",
role = c("aut", "cre"),
email = "mhlavac@alumni.princeton.edu")
as necessary.
Package CITATION file contains call(s) to old-style citEntry(). Please
use bibentry() instead.
Flavors: r-devel-linux-x86_64-debian-clang, r-devel-linux-x86_64-debian-gcc