Last updated on 2025-05-28 09:53:02 CEST.
Flavor | Version | Tinstall | Tcheck | Ttotal | Status | Flags |
---|---|---|---|---|---|---|
r-devel-linux-x86_64-debian-clang | 1.1.0 | 23.34 | 83.71 | 107.05 | NOTE | |
r-devel-linux-x86_64-debian-gcc | 1.1.0 | 18.49 | 61.59 | 80.08 | NOTE | |
r-devel-linux-x86_64-fedora-clang | 1.1.0 | 187.01 | OK | |||
r-devel-linux-x86_64-fedora-gcc | 1.1.0 | 164.80 | OK | |||
r-devel-windows-x86_64 | 1.1.0 | 31.00 | 116.00 | 147.00 | NOTE | |
r-patched-linux-x86_64 | 1.1.0 | 24.89 | 78.11 | 103.00 | NOTE | |
r-release-linux-x86_64 | 1.1.0 | 24.37 | 78.66 | 103.03 | NOTE | |
r-release-macos-arm64 | 1.1.0 | 55.00 | OK | |||
r-release-macos-x86_64 | 1.1.0 | 96.00 | OK | |||
r-release-windows-x86_64 | 1.1.0 | 30.00 | 118.00 | 148.00 | NOTE | |
r-oldrel-macos-arm64 | 1.1.0 | 48.00 | OK | |||
r-oldrel-macos-x86_64 | 1.1.0 | 71.00 | OK | |||
r-oldrel-windows-x86_64 | 1.1.0 | 37.00 | 146.00 | 183.00 | OK |
Version: 1.1.0
Check: Rd cross-references
Result: NOTE
Found the following Rd file(s) with Rd \link{} targets missing package
anchors:
generate.data.Rd: rmvnorm, rmvt
nlmm.Rd: varFunc, varFixed, varClasses, summary.varFunc,
varWeights.varFunc, coef.varFunc
nlmmControl.Rd: lme, lmeControl
Please provide package anchors for all Rd \link{} targets not in the
package itself and the base packages.
Flavors: r-devel-linux-x86_64-debian-clang, r-devel-linux-x86_64-debian-gcc, r-devel-windows-x86_64, r-patched-linux-x86_64, r-release-linux-x86_64, r-release-windows-x86_64