Last updated on 2025-07-22 13:49:19 CEST.
Flavor | Version | Tinstall | Tcheck | Ttotal | Status | Flags |
---|---|---|---|---|---|---|
r-devel-linux-x86_64-debian-clang | 4.0.0 | 7.05 | 80.91 | 87.96 | OK | |
r-devel-linux-x86_64-debian-gcc | 4.0.0 | 4.45 | 58.28 | 62.73 | OK | |
r-devel-linux-x86_64-fedora-clang | 4.0.0 | 134.49 | OK | |||
r-devel-linux-x86_64-fedora-gcc | 4.0.0 | 179.73 | OK | |||
r-devel-windows-x86_64 | 4.0.0 | 13.00 | 100.00 | 113.00 | OK | |
r-patched-linux-x86_64 | 3.0.2 | 11.67 | 96.36 | 108.03 | OK | |
r-release-linux-x86_64 | 4.0.0 | 6.87 | 72.90 | 79.77 | OK | |
r-release-macos-arm64 | 4.0.0 | 45.00 | OK | |||
r-release-macos-x86_64 | 4.0.0 | 78.00 | OK | |||
r-release-windows-x86_64 | 4.0.0 | 12.00 | 96.00 | 108.00 | OK | |
r-oldrel-macos-arm64 | 4.0.0 | 53.00 | NOTE | |||
r-oldrel-macos-x86_64 | 4.0.0 | 77.00 | NOTE | |||
r-oldrel-windows-x86_64 | 4.0.0 | 16.00 | 118.00 | 134.00 | NOTE |
Version: 4.0.0
Check: DESCRIPTION meta-information
Result: NOTE
Packages listed in more than one of Depends, Imports, Suggests, Enhances:
‘crayon’ ‘cli’
A package should be listed in only one of these fields.
Flavors: r-oldrel-macos-arm64, r-oldrel-macos-x86_64, r-oldrel-windows-x86_64