CRAN Package Check Results for Package nhlapi

Last updated on 2025-07-15 23:51:27 CEST.

Flavor Version Tinstall Tcheck Ttotal Status Flags
r-devel-linux-x86_64-debian-clang 0.1.4 3.35 44.70 48.05 OK
r-devel-linux-x86_64-debian-gcc 0.1.4 2.53 35.28 37.81 OK
r-devel-linux-x86_64-fedora-clang 0.1.4 77.18 OK
r-devel-linux-x86_64-fedora-gcc 0.1.4 103.68 OK
r-devel-windows-x86_64 0.1.4 6.00 94.00 100.00 OK
r-patched-linux-x86_64 0.1.4 4.74 41.78 46.52 OK
r-release-linux-x86_64 0.1.4 3.47 41.62 45.09 OK
r-release-macos-arm64 0.1.4 67.00 OK
r-release-macos-x86_64 0.1.4 142.00 OK
r-release-windows-x86_64 0.1.4 4.00 147.00 151.00 OK
r-oldrel-macos-arm64 0.1.4 57.00 NOTE
r-oldrel-macos-x86_64 0.1.4 98.00 NOTE
r-oldrel-windows-x86_64 0.1.4 5.00 103.00 108.00 NOTE

Check Details

Version: 0.1.4
Check: LazyData
Result: NOTE 'LazyData' is specified without a 'data' directory Flavors: r-oldrel-macos-arm64, r-oldrel-macos-x86_64, r-oldrel-windows-x86_64