Last updated on 2025-07-15 17:50:14 CEST.
Flavor | Version | Tinstall | Tcheck | Ttotal | Status | Flags |
---|---|---|---|---|---|---|
r-devel-linux-x86_64-debian-clang | 2.1 | 4.20 | 40.38 | 44.58 | NOTE | |
r-devel-linux-x86_64-debian-gcc | 2.1 | 3.33 | 30.69 | 34.02 | NOTE | |
r-devel-linux-x86_64-fedora-clang | 2.1 | 73.85 | NOTE | |||
r-devel-linux-x86_64-fedora-gcc | 2.1 | 84.77 | NOTE | |||
r-devel-windows-x86_64 | 2.1 | 6.00 | 64.00 | 70.00 | OK | |
r-patched-linux-x86_64 | 2.1 | 4.73 | 37.31 | 42.04 | OK | |
r-release-linux-x86_64 | 2.1 | 4.07 | 37.96 | 42.03 | OK | |
r-release-macos-arm64 | 2.1 | 41.00 | OK | |||
r-release-macos-x86_64 | 2.1 | 64.00 | OK | |||
r-release-windows-x86_64 | 2.1 | 7.00 | 87.00 | 94.00 | OK | |
r-oldrel-macos-arm64 | 2.1 | 48.00 | OK | |||
r-oldrel-macos-x86_64 | 2.1 | 75.00 | OK | |||
r-oldrel-windows-x86_64 | 2.1 | 8.00 | 76.00 | 84.00 | OK |
Version: 2.1
Check: CRAN incoming feasibility
Result: NOTE
Maintainer: ‘Obinna Obianom <idonshayo@gmail.com>’
The BugReports field in DESCRIPTION has
https://github.com/oobianom/nextGenShinyApps
which should likely be
https://github.com/oobianom/nextGenShinyApps/issues
instead.
Flavors: r-devel-linux-x86_64-debian-clang, r-devel-linux-x86_64-debian-gcc
Version: 2.1
Check: dependencies in R code
Result: NOTE
Namespaces in Imports field not imported from:
‘quickcode’ ‘utils’
All declared Imports should be used.
Flavors: r-devel-linux-x86_64-fedora-clang, r-devel-linux-x86_64-fedora-gcc