Last updated on 2025-05-25 13:49:49 CEST.
Flavor | Version | Tinstall | Tcheck | Ttotal | Status | Flags |
---|---|---|---|---|---|---|
r-devel-linux-x86_64-debian-clang | 1.0.0 | 3.71 | 125.67 | 129.38 | OK | |
r-devel-linux-x86_64-debian-gcc | 1.0.0 | 3.09 | 103.30 | 106.39 | OK | |
r-devel-linux-x86_64-fedora-clang | 1.0.0 | 192.37 | OK | |||
r-devel-linux-x86_64-fedora-gcc | 1.0.0 | 241.36 | OK | |||
r-devel-windows-x86_64 | 1.0.0 | 7.00 | 204.00 | 211.00 | OK | |
r-patched-linux-x86_64 | 1.0.0 | 3.96 | 119.78 | 123.74 | OK | |
r-release-linux-x86_64 | 1.0.0 | 3.66 | 121.93 | 125.59 | OK | |
r-release-macos-arm64 | 1.0.0 | 108.00 | OK | |||
r-release-macos-x86_64 | 1.0.0 | 183.00 | OK | |||
r-release-windows-x86_64 | 1.0.0 | 6.00 | 169.00 | 175.00 | OK | |
r-oldrel-macos-arm64 | 1.0.0 | 92.00 | NOTE | |||
r-oldrel-macos-x86_64 | 1.0.0 | 167.00 | NOTE | |||
r-oldrel-windows-x86_64 | 1.0.0 | 7.00 | 197.00 | 204.00 | NOTE |
Version: 1.0.0
Check: package dependencies
Result: NOTE
Packages suggested but not available for checking:
'BPST', 'ImageSCC', 'Triangulation'
Flavors: r-oldrel-macos-arm64, r-oldrel-macos-x86_64, r-oldrel-windows-x86_64