Last updated on 2025-05-28 09:53:02 CEST.
Flavor | Version | Tinstall | Tcheck | Ttotal | Status | Flags |
---|---|---|---|---|---|---|
r-devel-linux-x86_64-debian-clang | 0.0.1 | 9.84 | 71.33 | 81.17 | OK | |
r-devel-linux-x86_64-debian-gcc | 0.0.1 | 7.55 | 56.80 | 64.35 | OK | |
r-devel-linux-x86_64-fedora-clang | 0.0.1 | 125.52 | OK | |||
r-devel-linux-x86_64-fedora-gcc | 0.0.1 | 138.26 | OK | |||
r-devel-windows-x86_64 | 0.0.1 | 24.00 | 99.00 | 123.00 | OK | |
r-patched-linux-x86_64 | 0.0.1 | 11.46 | 69.77 | 81.23 | OK | |
r-release-linux-x86_64 | 0.0.1 | 10.55 | 69.93 | 80.48 | OK | |
r-release-macos-arm64 | 0.0.1 | 57.00 | OK | |||
r-release-macos-x86_64 | 0.0.1 | 108.00 | OK | |||
r-release-windows-x86_64 | 0.0.1 | 23.00 | 99.00 | 122.00 | OK | |
r-oldrel-macos-arm64 | 0.0.1 | 54.00 | NOTE | |||
r-oldrel-macos-x86_64 | 0.0.1 | 87.00 | NOTE | |||
r-oldrel-windows-x86_64 | 0.0.1 | 31.00 | 124.00 | 155.00 | OK |
Version: 0.0.1
Check: installed package size
Result: NOTE
installed size is 6.0Mb
sub-directories of 1Mb or more:
data 5.7Mb
Flavors: r-oldrel-macos-arm64, r-oldrel-macos-x86_64