CRAN Package Check Results for Package mvnimpute

Last updated on 2025-07-24 09:50:04 CEST.

Flavor Version Tinstall Tcheck Ttotal Status Flags
r-devel-linux-x86_64-debian-clang 1.0.1 41.46 54.98 96.44 NOTE
r-devel-linux-x86_64-debian-gcc 1.0.1 31.59 39.81 71.40 NOTE
r-devel-linux-x86_64-fedora-clang 1.0.1 184.30 OK
r-devel-linux-x86_64-fedora-gcc 1.0.1 151.05 OK
r-devel-windows-x86_64 1.0.1 48.00 77.00 125.00 OK
r-patched-linux-x86_64 1.0.1 42.94 49.00 91.94 OK
r-release-linux-x86_64 1.0.1 43.23 49.16 92.39 OK
r-release-macos-arm64 1.0.1 48.00 OK
r-release-macos-x86_64 1.0.1 57.00 OK
r-release-windows-x86_64 1.0.1 52.00 79.00 131.00 OK
r-oldrel-macos-arm64 1.0.1 40.00 OK
r-oldrel-macos-x86_64 1.0.1 51.00 OK
r-oldrel-windows-x86_64 1.0.1 61.00 100.00 161.00 OK

Check Details

Version: 1.0.1
Check: CRAN incoming feasibility
Result: NOTE Maintainer: ‘Hesen Li <li.hesen.21@gmail.com>’ No Authors@R field in DESCRIPTION. Please add one, modifying Authors@R: person(given = "Hesen", family = "Li", role = c("aut", "cre"), email = "li.hesen.21@gmail.com") as necessary. Flavors: r-devel-linux-x86_64-debian-clang, r-devel-linux-x86_64-debian-gcc