Last updated on 2025-05-27 23:51:58 CEST.
Flavor | Version | Tinstall | Tcheck | Ttotal | Status | Flags |
---|---|---|---|---|---|---|
r-devel-linux-x86_64-debian-clang | 0.0.4 | 7.62 | 82.52 | 90.14 | NOTE | |
r-devel-linux-x86_64-debian-gcc | 0.0.4 | 6.13 | 61.33 | 67.46 | NOTE | |
r-devel-linux-x86_64-fedora-clang | 0.0.4 | 145.73 | NOTE | |||
r-devel-linux-x86_64-fedora-gcc | 0.0.4 | 153.69 | NOTE | |||
r-devel-windows-x86_64 | 0.0.4 | 8.00 | 92.00 | 100.00 | NOTE | |
r-patched-linux-x86_64 | 0.0.4 | 7.14 | 79.18 | 86.32 | NOTE | |
r-release-linux-x86_64 | 0.0.4 | 7.03 | 80.21 | 87.24 | NOTE | |
r-release-macos-arm64 | 0.0.4 | 58.00 | NOTE | |||
r-release-macos-x86_64 | 0.0.4 | 137.00 | NOTE | |||
r-release-windows-x86_64 | 0.0.4 | 8.00 | 91.00 | 99.00 | NOTE | |
r-oldrel-macos-arm64 | 0.0.4 | 48.00 | OK | |||
r-oldrel-macos-x86_64 | 0.0.4 | 75.00 | OK | |||
r-oldrel-windows-x86_64 | 0.0.4 | 12.00 | 115.00 | 127.00 | OK |
Version: 0.0.4
Check: DESCRIPTION meta-information
Result: NOTE
Missing dependency on R >= 4.1.0 because package code uses the pipe
|> or function shorthand \(...) syntax added in R 4.1.0.
File(s) using such syntax:
‘DFA.R’ ‘mvDFA.R’ ‘simulate_Lorenz_noise.R’
Flavors: r-devel-linux-x86_64-debian-clang, r-devel-linux-x86_64-debian-gcc, r-devel-linux-x86_64-fedora-clang, r-devel-linux-x86_64-fedora-gcc, r-devel-windows-x86_64, r-patched-linux-x86_64, r-release-linux-x86_64, r-release-macos-arm64, r-release-macos-x86_64, r-release-windows-x86_64