CRAN Package Check Results for Package mvDFA

Last updated on 2025-07-21 00:49:56 CEST.

Flavor Version Tinstall Tcheck Ttotal Status Flags
r-devel-linux-x86_64-debian-clang 0.0.4 7.65 81.98 89.63 NOTE
r-devel-linux-x86_64-debian-gcc 0.0.4 5.55 61.41 66.96 NOTE
r-devel-linux-x86_64-fedora-clang 0.0.4 151.66 NOTE
r-devel-linux-x86_64-fedora-gcc 0.0.4 81.54 NOTE
r-devel-windows-x86_64 0.0.4 10.00 89.00 99.00 NOTE
r-patched-linux-x86_64 0.0.4 7.76 79.03 86.79 NOTE
r-release-linux-x86_64 0.0.4 7.37 78.33 85.70 NOTE
r-release-macos-arm64 0.0.4 58.00 NOTE
r-release-macos-x86_64 0.0.4 137.00 NOTE
r-release-windows-x86_64 0.0.4 9.00 87.00 96.00 NOTE
r-oldrel-macos-arm64 0.0.4 48.00 OK
r-oldrel-macos-x86_64 0.0.4 75.00 OK
r-oldrel-windows-x86_64 0.0.4 12.00 114.00 126.00 OK

Check Details

Version: 0.0.4
Check: DESCRIPTION meta-information
Result: NOTE Missing dependency on R >= 4.1.0 because package code uses the pipe |> or function shorthand \(...) syntax added in R 4.1.0. File(s) using such syntax: ‘DFA.R’ ‘mvDFA.R’ ‘simulate_Lorenz_noise.R’ Flavors: r-devel-linux-x86_64-debian-clang, r-devel-linux-x86_64-debian-gcc, r-devel-linux-x86_64-fedora-clang, r-devel-linux-x86_64-fedora-gcc, r-devel-windows-x86_64, r-patched-linux-x86_64, r-release-linux-x86_64, r-release-macos-arm64, r-release-macos-x86_64, r-release-windows-x86_64