Last updated on 2025-05-28 17:57:28 CEST.
Flavor | Version | Tinstall | Tcheck | Ttotal | Status | Flags |
---|---|---|---|---|---|---|
r-devel-linux-x86_64-debian-clang | 0.1.0 | 5.14 | 36.73 | 41.87 | OK | |
r-devel-linux-x86_64-debian-gcc | 0.1.0 | 3.56 | 27.57 | 31.13 | OK | |
r-devel-linux-x86_64-fedora-clang | 0.1.0 | 64.69 | OK | |||
r-devel-linux-x86_64-fedora-gcc | 0.1.0 | 59.32 | OK | |||
r-devel-windows-x86_64 | 0.1.0 | 6.00 | 53.00 | 59.00 | OK | |
r-patched-linux-x86_64 | 0.1.0 | 3.96 | 33.32 | 37.28 | OK | |
r-release-linux-x86_64 | 0.1.0 | 4.58 | 33.10 | 37.68 | OK | |
r-release-macos-arm64 | 0.1.0 | 21.00 | OK | |||
r-release-macos-x86_64 | 0.1.0 | 48.00 | OK | |||
r-release-windows-x86_64 | 0.1.0 | 6.00 | 54.00 | 60.00 | OK | |
r-oldrel-macos-arm64 | 0.1.0 | 24.00 | NOTE | |||
r-oldrel-macos-x86_64 | 0.1.0 | 45.00 | NOTE | |||
r-oldrel-windows-x86_64 | 0.1.0 | 10.00 | 63.00 | 73.00 | NOTE |
Version: 0.1.0
Check: LazyData
Result: NOTE
'LazyData' is specified without a 'data' directory
Flavors: r-oldrel-macos-arm64, r-oldrel-macos-x86_64, r-oldrel-windows-x86_64