CRAN Package Check Results for Package msgr

Last updated on 2025-05-25 09:49:49 CEST.

Flavor Version Tinstall Tcheck Ttotal Status Flags
r-devel-linux-x86_64-debian-clang 1.1.2 3.12 31.89 35.01 OK
r-devel-linux-x86_64-debian-gcc 1.1.2 2.43 24.66 27.09 OK
r-devel-linux-x86_64-fedora-clang 1.1.2 53.68 OK
r-devel-linux-x86_64-fedora-gcc 1.1.2 50.68 OK
r-devel-windows-x86_64 1.1.2 6.00 97.00 103.00 OK
r-patched-linux-x86_64 1.1.2 3.46 29.50 32.96 OK
r-release-linux-x86_64 1.1.2 3.28 29.76 33.04 OK
r-release-macos-arm64 1.1.2 24.00 OK
r-release-macos-x86_64 1.1.2 36.00 OK
r-release-windows-x86_64 1.1.2 5.00 57.00 62.00 OK
r-oldrel-macos-arm64 1.1.2 20.00 NOTE
r-oldrel-macos-x86_64 1.1.2 29.00 NOTE
r-oldrel-windows-x86_64 1.1.2 6.00 67.00 73.00 NOTE

Check Details

Version: 1.1.2
Check: LazyData
Result: NOTE 'LazyData' is specified without a 'data' directory Flavors: r-oldrel-macos-arm64, r-oldrel-macos-x86_64, r-oldrel-windows-x86_64