Last updated on 2025-05-28 17:57:28 CEST.
Flavor | Version | Tinstall | Tcheck | Ttotal | Status | Flags |
---|---|---|---|---|---|---|
r-devel-linux-x86_64-debian-clang | 2.0.3 | 1.98 | 25.90 | 27.88 | NOTE | |
r-devel-linux-x86_64-debian-gcc | 2.0.3 | 1.56 | 20.22 | 21.78 | NOTE | |
r-devel-linux-x86_64-fedora-clang | 2.0.3 | 44.32 | OK | |||
r-devel-linux-x86_64-fedora-gcc | 2.0.3 | 42.17 | OK | |||
r-devel-windows-x86_64 | 2.0.3 | 4.00 | 48.00 | 52.00 | OK | |
r-patched-linux-x86_64 | 2.0.3 | 2.10 | 24.58 | 26.68 | OK | |
r-release-linux-x86_64 | 2.0.3 | 2.05 | 24.24 | 26.29 | OK | |
r-release-macos-arm64 | 2.0.3 | 20.00 | OK | |||
r-release-macos-x86_64 | 2.0.3 | 36.00 | OK | |||
r-release-windows-x86_64 | 2.0.3 | 3.00 | 52.00 | 55.00 | OK | |
r-oldrel-macos-arm64 | 2.0.3 | 18.00 | OK | |||
r-oldrel-macos-x86_64 | 2.0.3 | 29.00 | OK | |||
r-oldrel-windows-x86_64 | 2.0.3 | 3.00 | 49.00 | 52.00 | OK |
Version: 2.0.3
Check: CRAN incoming feasibility
Result: NOTE
Maintainer: ‘Hiroyuki Yamamoto <h.yama2396@gmail.com>’
No Authors@R field in DESCRIPTION.
Please add one, modifying
Authors@R: person(given = "Hiroyuki",
family = "Yamamoto",
role = c("aut", "cre"),
email = "h.yama2396@gmail.com")
as necessary.
Flavors: r-devel-linux-x86_64-debian-clang, r-devel-linux-x86_64-debian-gcc